{"id":79,"date":"2020-05-20T13:39:16","date_gmt":"2020-05-20T13:39:16","guid":{"rendered":"http:\/\/airfoil.de\/wordpress\/?page_id=79"},"modified":"2020-05-20T13:40:31","modified_gmt":"2020-05-20T13:40:31","slug":"vision","status":"publish","type":"page","link":"http:\/\/airfoil.de\/wordpress\/index.php\/vision\/","title":{"rendered":"Vision"},"content":{"rendered":"\n<h3 class=\"wp-block-heading\">Die Erde &#8211; der blaue Planet<\/h3>\n\n\n\n<p>70 Prozent der Oberfl\u00e4che unseres Planeten bestehen aus Wasser. Der Anteil der Weltmeere nimmt einen wesentlich gr\u00f6\u00dferen Raum ein, als alle Landfl\u00e4chen zusammen.<br>Nicht ber\u00fccksichtigt sind dabei die wasserreichen Zonen der Landgebiete, die gro\u00dfe Areale mit&nbsp; S\u00fcsswasser beeinhalten.<br><br>Flu\u00dfregionen welche sich \u00fcber tausende Kilometer oft unerschlossenes,<br>unbewohntes Gel\u00e4nde erstrecken, z\u00e4hlen ebenso darunter wie gro\u00dfe Seengebiete, Flachwasserregionen&nbsp; oder auch Sumpfgebiete.<br>&nbsp;<br>Der gewerbliche Schiffsverkehr ist grunds\u00e4tzlich als erprobte und eingef\u00fchrte&nbsp; M\u00f6glichkeit der Fortbewegung \u00fcber Wasser anzusehen, die allerdings bei der Implementierung an gewisse Vorraussetzungen gebunden und einen entsprechenden zeitlichen und finanziellen Planungsaufwand erfordert.<br><br>Die Verbesserung des Transportwirkungsgrades eines Schiffes mit konventionellen Methoden durch Erh\u00f6hen der Geschwindigkeit unterliegt physikalischen Grenzen.<br><\/p>\n\n\n\n<p>Zu den Bem\u00fchungen die Transporteffizienz auf dem Wasser zu erh\u00f6hen, gibt es bis heute einige, teilweise sehr unterschiedliche&nbsp; Entwicklungen.<br><br>Hydrofoils, bei denen das Fahrzeug an der Bugseite mittels St\u00fctzen fast aus dem Wasser gehoben wird, und das Heck Wasserber\u00fchrung hat, geh\u00f6rten zu den ersten und innovativsten Systemen.<br><br>Hovercrafts, bei denen ein selbsterzeugtes statisches Luftkissen \u00fcber eine Sch\u00fcrze gefasst wird, haben als sogenannte Luftkissenfahrzeuge einen gewissen Bekanntheitsgrad erreicht.&nbsp;<br><br>Beide Systeme sind limitiert durch hohen Energieaufwand und St\u00f6ranf\u00e4lligkeit bei Wellengang, was letztendlich zu einem Nachfrager\u00fcckgang und zur Stilllegung der bestehenden F\u00e4hrlinie \u00fcber den \u00c4rmelkanal (Calais &#8211; Dover)&nbsp; f\u00fchrte.<br><br>Erfolgreichere Konzepte f\u00fcr F\u00e4hren und Passagierschiffe, die sich auch bei h\u00f6herem Wellengang stabil verhalten sind die &#8220;Semi Submersible Catamerans&#8221; und &#8220;Air Cushion Katamerans&#8221;, allerdings sind diese Fahrzeuge in der Geschwindigkeit limitiert.<\/p>\n\n\n\n<h3 class=\"wp-block-heading\">Vision eines 80-sitzers TAB<\/h3>\n\n\n\n<div class=\"wp-block-image\"><figure class=\"aligncenter size-large\"><img decoding=\"async\" src=\"http:\/\/airfoil.de\/wordpress\/wp-content\/uploads\/visionsbild_01.jpg\" alt=\"\"\/><\/figure><\/div>\n\n\n\n<h3 class=\"wp-block-heading\">Vision eines 200-Sitzers TAB \u00fcber Land<\/h3>\n\n\n\n<div class=\"wp-block-image\"><figure class=\"aligncenter size-large\"><img decoding=\"async\" src=\"http:\/\/airfoil.de\/wordpress\/wp-content\/uploads\/visionsbild2.jpg\" alt=\"\"\/><figcaption>Theoretisch kann das Airfoil \u00fcber sehr flaches Land flairen.<\/figcaption><\/figure><\/div>\n\n\n\n<h3 class=\"wp-block-heading\">Unsere Vision<\/h3>\n\n\n\n<p>ist die Erschlie\u00dfung v\u00f6llig Neuer M\u00e4rkte durch Tandem Airfoil Flairboote in den unterschiedlichsten Gr\u00f6\u00dfenklassen und Anwendungen.<\/p>\n\n\n\n<h3 class=\"wp-block-heading\">Pl\u00e4ne f\u00fcr eine Fertigung aus Carbon<\/h3>\n\n\n\n<div class=\"wp-block-image\"><figure class=\"aligncenter size-large\"><img decoding=\"async\" src=\"http:\/\/airfoil.de\/wordpress\/wp-content\/uploads\/006_.jpg\" alt=\"\"\/><\/figure><\/div>\n\n\n\n<div class=\"wp-block-image\"><figure class=\"aligncenter size-large\"><img decoding=\"async\" src=\"http:\/\/airfoil.de\/wordpress\/wp-content\/uploads\/folie_.jpg\" alt=\"\"\/><\/figure><\/div>\n\n\n\n<p>In der Vergangenheit, wurden einzelne Airfoil Flairboote aus unterschiedlichen Stoffen gebaut: Sperrholz, Aluminum, Kunstfaserharz.<\/p>\n\n\n\n<p>Um f\u00fcr die Zukunft ger\u00fcstet zu sein, haben unsere Ingenieure bereits CAD-Planungen f\u00fcr die Fertigung mittels Carbon angefertigt.<\/p>\n\n\n\n<p>Einen Partner f\u00fcr dieses Vorhaben suchen wir aktuell.<\/p>\n","protected":false},"excerpt":{"rendered":"<p>Die Erde &#8211; der blaue Planet 70 Prozent der Oberfl\u00e4che unseres Planeten bestehen aus Wasser. Der Anteil der Weltmeere nimmt einen wesentlich gr\u00f6\u00dferen Raum ein, als alle Landfl\u00e4chen zusammen.Nicht ber\u00fccksichtigt sind dabei die wasserreichen Zonen der Landgebiete, die gro\u00dfe Areale mit&nbsp; S\u00fcsswasser beeinhalten. Flu\u00dfregionen welche sich \u00fcber tausende Kilometer oft unerschlossenes,unbewohntes Gel\u00e4nde erstrecken, z\u00e4hlen ebenso &hellip; <a href=\"http:\/\/airfoil.de\/wordpress\/index.php\/vision\/\" class=\"more-link\">Continue reading<span class=\"screen-reader-text\"> &#8220;Vision&#8221;<\/span><\/a><\/p>\n","protected":false},"author":1,"featured_media":0,"parent":0,"menu_order":0,"comment_status":"closed","ping_status":"closed","template":"","meta":{"footnotes":""},"_links":{"self":[{"href":"http:\/\/airfoil.de\/wordpress\/index.php\/wp-json\/wp\/v2\/pages\/79"}],"collection":[{"href":"http:\/\/airfoil.de\/wordpress\/index.php\/wp-json\/wp\/v2\/pages"}],"about":[{"href":"http:\/\/airfoil.de\/wordpress\/index.php\/wp-json\/wp\/v2\/types\/page"}],"author":[{"embeddable":true,"href":"http:\/\/airfoil.de\/wordpress\/index.php\/wp-json\/wp\/v2\/users\/1"}],"replies":[{"embeddable":true,"href":"http:\/\/airfoil.de\/wordpress\/index.php\/wp-json\/wp\/v2\/comments?post=79"}],"version-history":[{"count":2,"href":"http:\/\/airfoil.de\/wordpress\/index.php\/wp-json\/wp\/v2\/pages\/79\/revisions"}],"predecessor-version":[{"id":82,"href":"http:\/\/airfoil.de\/wordpress\/index.php\/wp-json\/wp\/v2\/pages\/79\/revisions\/82"}],"wp:attachment":[{"href":"http:\/\/airfoil.de\/wordpress\/index.php\/wp-json\/wp\/v2\/media?parent=79"}],"curies":[{"name":"wp","href":"https:\/\/api.w.org\/{rel}","templated":true}]}}