{"id":83,"date":"2020-05-20T13:44:42","date_gmt":"2020-05-20T13:44:42","guid":{"rendered":"http:\/\/airfoil.de\/wordpress\/?page_id=83"},"modified":"2020-05-20T13:44:42","modified_gmt":"2020-05-20T13:44:42","slug":"impressum","status":"publish","type":"page","link":"http:\/\/airfoil.de\/wordpress\/index.php\/impressum\/","title":{"rendered":"Impressum"},"content":{"rendered":"\n<h3 class=\"wp-block-heading\">Kontakt und Impressum<\/h3>\n\n\n\n<p>Tandem W.I.G. Craft Consulting<\/p>\n\n\n\n<p>Dipl. Wirtsch.&nbsp; Ing. Ingrid Schellhaas<\/p>\n\n\n\n<p>Ostlandstrasse 2<\/p>\n\n\n\n<p>D-64401 Gro\u00df-Bieberau<\/p>\n\n\n\n<p><a href=\"mailto:kontakt@airfoil.de\">kontakt@airfoil.de<\/a><\/p>\n\n\n\n<p>Fax: 06162-912527<\/p>\n\n\n\n<h3 class=\"wp-block-heading\">airfoil.de<\/h3>\n\n\n\n<p>F\u00fcr den Inhalt der Seite verantwortlich:<\/p>\n\n\n\n<p>Tandem W.I.G. Craft Consulting<\/p>\n\n\n\n<p>Dipl. Wirtsch.&nbsp; Ing. Ingrid Schellhaas<\/p>\n\n\n\n<p>Ostlandstrasse 2<\/p>\n\n\n\n<p>D-64401 Gro\u00df-Bieberau<\/p>\n\n\n\n<h3 class=\"wp-block-heading\">Angaben gem\u00e4\u00df \u00a7 6 TDG und \u00a7 10 Abs. 3 MDStV<\/h3>\n\n\n\n<p>Inhaltlich und redaktionell verantwortlich ist<\/p>\n\n\n\n<p>Tandem W.I.G. Craft Consulting<\/p>\n\n\n\n<p>Dipl. Wirtsch.&nbsp; Ing. Ingrid Schellhaas<\/p>\n\n\n\n<p>Ostlandstrasse 2<\/p>\n\n\n\n<p>D-64401 Gro\u00df-Bieberau<\/p>\n\n\n\n<h3 class=\"wp-block-heading\">Haftungshinweis<\/h3>\n\n\n\n<p>Trotz sorgf\u00e4ltiger inhaltlicher Kontrolle \u00fcbernehmen wir keine Haftung f\u00fcr die Inhalte externer Links. F\u00fcr den Inhalt der verlinkten Seiten sind ausschlie\u00dflich deren Betreiber verantwortlich.<\/p>\n\n\n\n<h3 class=\"wp-block-heading\">Marken- und Warenzeichen<\/h3>\n\n\n\n<p>Alle genannten und gezeigten Marken- oder Warenzeichen sind eingetragene Marken oder eingetragene Warenzeichen ihrer jeweiligen Eigent\u00fcmer. Marken- oder Warenzeichen wurden in der Regel nicht als solche kenntlich gemacht. Das Fehlen einer solchen Kennzeichnung bedeutet nicht, dass es sich um einen freien Namen im Sinne des Waren- und Markenzeichenrechts handelt.<\/p>\n\n\n\n<h3 class=\"wp-block-heading\">Aktuelles<\/h3>\n\n\n\n<p><br>Zur Verf\u00fcgung stehen s\u00e4mtliche Erfahrungswerte der Forschung und Entwicklung der Tandem Airfoil Flairboote seit 1970.<br>Ziel ist die professionelle Implementierung eines Neuen Schnellverkehrssystems \u00fcber Wasser.<\/p>\n\n\n\n<p>Haben Sie Interesse?&nbsp; Kontaktaufnahme unter <a href=\"mailto:kontakt@airfoil.de\">kontakt@airfoil.de<\/a><\/p>\n","protected":false},"excerpt":{"rendered":"<p>Kontakt und Impressum Tandem W.I.G. Craft Consulting Dipl. Wirtsch.&nbsp; Ing. Ingrid Schellhaas Ostlandstrasse 2 D-64401 Gro\u00df-Bieberau kontakt@airfoil.de Fax: 06162-912527 airfoil.de F\u00fcr den Inhalt der Seite verantwortlich: Tandem W.I.G. Craft Consulting Dipl. Wirtsch.&nbsp; Ing. Ingrid Schellhaas Ostlandstrasse 2 D-64401 Gro\u00df-Bieberau Angaben gem\u00e4\u00df \u00a7 6 TDG und \u00a7 10 Abs. 3 MDStV Inhaltlich und redaktionell verantwortlich ist &hellip; <a href=\"http:\/\/airfoil.de\/wordpress\/index.php\/impressum\/\" class=\"more-link\">Continue reading<span class=\"screen-reader-text\"> &#8220;Impressum&#8221;<\/span><\/a><\/p>\n","protected":false},"author":1,"featured_media":0,"parent":0,"menu_order":0,"comment_status":"closed","ping_status":"closed","template":"","meta":{"footnotes":""},"_links":{"self":[{"href":"http:\/\/airfoil.de\/wordpress\/index.php\/wp-json\/wp\/v2\/pages\/83"}],"collection":[{"href":"http:\/\/airfoil.de\/wordpress\/index.php\/wp-json\/wp\/v2\/pages"}],"about":[{"href":"http:\/\/airfoil.de\/wordpress\/index.php\/wp-json\/wp\/v2\/types\/page"}],"author":[{"embeddable":true,"href":"http:\/\/airfoil.de\/wordpress\/index.php\/wp-json\/wp\/v2\/users\/1"}],"replies":[{"embeddable":true,"href":"http:\/\/airfoil.de\/wordpress\/index.php\/wp-json\/wp\/v2\/comments?post=83"}],"version-history":[{"count":1,"href":"http:\/\/airfoil.de\/wordpress\/index.php\/wp-json\/wp\/v2\/pages\/83\/revisions"}],"predecessor-version":[{"id":85,"href":"http:\/\/airfoil.de\/wordpress\/index.php\/wp-json\/wp\/v2\/pages\/83\/revisions\/85"}],"wp:attachment":[{"href":"http:\/\/airfoil.de\/wordpress\/index.php\/wp-json\/wp\/v2\/media?parent=83"}],"curies":[{"name":"wp","href":"https:\/\/api.w.org\/{rel}","templated":true}]}}